is the millions digit of 217209827?
7
What is the units digit of 3052613431?
1
What is the ten millions digit of 41807407?
4
What is the tens digit of 2620451?
5
What is the thousands digit of 685559127?
9
What is the ten millions digit of 255751061?
5
What is the thousands digit of 603796032?
6
What is the ten thousands digit of 43511936?
1
What is the units digit of 62766769?
9
What is the units digit of 1991735117?
7
What is the thousands digit of 1468861581?
1
What is the thousands digit of 700170877?
0
What is the ten millions digit of 1947583909?
4
What is the ten thousands digit of 140479893?
7
What is the units digit of 26588343?
3
What is the billions digit of 2731879221?
2
What is the hundreds digit of 753721299?
2
What is the hundred thousands digit of 70459896?
4
What is the hundreds digit of 21696345?
3
What is the hundreds digit of 197276641?
6
What is the tens digit of 1666882920?
2
What is the hundred thousands digit of 18685388?
6
What is the hundred thousands digit of 86004162?
0
What is the hundred millions digit of 155990792?
1
What is the hundreds digit of 1756212316?
3
What is the millions digit of 18050332?
8
What is the hundreds digit of 51702553?
5
What is the ten millions digit of 869959201?
6
What is the tens digit of 21498172?
7
What is the millions digit of 491364524?
1
What is the units digit of 4135915?
5
What is the ten thousands digit of 68692999?
9
What is the hundred thousands digit of 24211290?
2
What is the hundred thousands digit of 1693521654?
5
What is the hundreds digit of 113160396?
3
What is the thousands digit of 3032316366?
6
What is the ten thousands digit of 127421881?
2
What is the ten millions digit of 12587929?
1
What is the ten millions digit of 287086808?
8
What is the hundreds digit of 218826626?
6
What is the hundred thousands digit of 9330408?
3
What is the billions digit of 3559457791?
3
What is the units digit of 44429180?
0
What is the millions digit of 1293407806?
3
What is the billions digit of 1702830789?
1
What is the thousands digit of 326172465?
2
What is the units digit of 52267343?
3
What is the thousands digit of 198249737?
9
What is the hundreds digit of 32576735?
7
What is the thousands digit of 11717461?
7
What is the ten millions digit of 1199301349?
9
What is the tens digit of 4013299681?
8
What is the ten millions digit of 11950843?
1
What is the millions digit of 3216773098?
6
What is the ten thousands digit of 1261902068?
0
What is the ten thousands digit of 208315775?
1
What is the hundreds digit of 71940325?
3
What is the ten thousands digit of 54030774?
3
What is the hundred thousands digit of 863040160?
0
What is the hundreds digit of 6029003969?
9
What is the ten thousands digit of 3482771653?
7
What is the hundred millions digit of 1210818678?
2
What is the ten millions digit of 46780660?
4
What is the thousands digit of 161385020?
5
What is the hundreds digit of 2338477183?
1
What is the tens digit of 118565516?
1
What is the billions digit of 1224117810?
1
What is the ten millions digit of 12693104?
1
What is the billions digit of 2296479820?
2
What is the thousands digit of 88429372?
9
What is the tens digit of 769853874?
7
What is the hundreds digit of 356252?
2
What is the thousands digit of 4631812414?
2
What is the hundred millions digit of 147260003?
1
What is the millions digit of 2367144385?
7
What is the billions digit of 2385136503?
2
What is the units digit of 12705318?
8
What is the tens digit of 94856851?
5
What is the ten thousands digit of 277910005?
1
What is the ten thousands digit of 14266888?
6
What is the hundreds digit of 92910827?
8
What is the hundreds digit of 519172521?
5
What is the hundred thousands digit of 781987936?
9
What is the units digit of 18428388?
8
What is the hundreds digit of 6528042?
0
What is the hundred millions digit of 172366527?
1
What is the millions digit of 93377179?
3
What is the hundreds digit of 136725911?
9
What is the ten millions digit of 500401252?
0
What is the hundreds digit of 1267070?
0
What is the hundreds digit of 1573093416?
4
What is the tens digit of 47012585?
8
What is the tens digit of 5856557?
5
What is the ten millions digit of 180489958?
8
What is the ten thousands digit of 749860567?
6
What is the hundreds digit of 50189558?
5
What is the millions digit of 90223186?
0
What is the tens digit of 295827244?
4
What is the thousands digit of 1700604666?
4
What is the units digit of 37141706?
6
What is the tens digit of 812786355?
5
What is the thousands digit of 916806817?
6
What is the hundred thousands digit of 181518599?
5
What is the hundred thousands digit of 44138697?
1
What is the hundred thousands digit of 43876031?
8
What is the millions digit of 1066575268?
6
What is the hundreds digit of 50602761?
7
What is the thousands digit of 148691978?
1
What is the millions digit of 38314110?
8
What is the ten millions digit of 91319733?
9
What is the ten millions digit of 26321652?
2
What is the millions digit of 1701999395?
1
What is the hundreds digit of 2004546914?
9
What is the ten thousands digit of 426302471?
0
What is the hundred thousands digit of 470594500?
5
What is the tens digit of 234664015?
1
What is the ten thousands digit of 43201937?
0
What is the millions digit of 113041424?
3
What is the units digit of 23778019?
9
What is the tens digit of 2386721855?
5
What is the thousands digit of 131559025?
9
What is the thousands digit of 114229232?
9
What is the millions digit of 314252003?
4
What is the hundred millions digit of 216433966?
2
What is the thousands digit of 38045183?
5
What is the hundred thousands digit of 65495278?
4
What is the hundred thousands digit of 29841633?
8
What is the millions digit of 37947680?
7
What is the tens digit of 4699420599?
9
What is the millions digit of 68550662?
8
What is the ten thousands digit of 114658482?
5
What is the thousands digit of 1308312599?
2
What is the billions digit of 1471080210?
1
What is the thousands digit of 256752823?
2
What is the hundred thousands digit of 34636031?
6
What is the thousands digit of 366324609?
4
What is the ten thousands digit of 44370789?
7
What is the thousands digit of 199875072?
5
What is the hundreds digit of 29058341?
3
What is the ten millions digit of 80311188?
8
What is the hundred millions digit of 1428869261?
4
What is the ten thousands digit of 41066143?
6
What is the hundred thousands digit of 24975288?
9
What is the hundred millions digit of 742380521?
7
What is the hundred thousands digit of 2500963673?
9
What is the millions digit of 85795102?
5
What is the hundred millions digit of 173288097?
1
What is the thousands digit of 4811650234?
0
What is the millions digit of 10441981?
0
What is the hundreds digit of 97780952?
9
What is the hundred thousands digit of 45775700?
7
What is the tens digit of 125701320?
2
What is the hundred thousands digit of 600129383?
1
What is the hundred millions digit of 465477465?
4
What is the ten millions digit of 22085099?
2
What is the millions digit of 2569130537?
9
What is the hundred millions digit of 103207179?
1
What is the tens digit of 714644328?
2
What is the units digit of 1032794799?
9
What is the hundred thousands digit of 931135261?
1
What is the tens digit of 85401500?
0
What is the hundred thousands digit of 3227575?
2
What is the ten thousands digit of 136989699?
8
What is the ten thousands digit of 82490499?
9
What is the hundred thousands digit of 121617540?
6
What is the ten millions digit of 13610037?
1
What is the millions digit of 26840597?
6
What is the hundred thousands digit of 115817956?
8
What is the hundreds digit of 3490612729?
7
What is the tens digit of 1259151498?
9
What is the ten thousands digit of 1851421642?
2
What is the ten millions digit of 860039329?
6
What is the hundreds digit of 265882589?
5
What is the ten millions digit of 22682526?
2
What is the hundred thousands digit of 3983672509?
6
What is the hundreds digit of 25251850?
8
What is the hundreds digit of 230855141?
1
What is the ten thousands digit of 35319734?
1
What is the hundred thousands digit of 183277412?
2
What is the ten thousands digit of 1227137253?
3
What is the hundred thousands digit of 1229989653?
9
What is the hundreds digit of 48424011?
0
Wh